{"id":20189,"date":"2025-08-29T13:31:11","date_gmt":"2025-08-29T11:31:11","guid":{"rendered":"https:\/\/amicreative.net\/?page_id=20189"},"modified":"2025-09-22T22:21:21","modified_gmt":"2025-09-22T20:21:21","slug":"creation-de-sites-web","status":"publish","type":"page","link":"https:\/\/amicreative.net\/index.php\/creation-de-sites-web\/","title":{"rendered":"Cr\u00e9ation de sites web"},"content":{"rendered":"\t\t<div data-elementor-type=\"wp-post\" data-elementor-id=\"20189\" class=\"elementor elementor-20189\" data-elementor-post-type=\"page\">\n\t\t\t\t<div class=\"elementor-element elementor-element-ce171bd e-con-full e-flex e-con e-parent\" data-id=\"ce171bd\" data-element_type=\"container\" data-settings=\"{&quot;background_background&quot;:&quot;classic&quot;}\">\n\t\t\t\t<div class=\"elementor-element elementor-element-b6e7ab2 elementor-widget__width-inherit elementor-widget elementor-widget-image\" data-id=\"b6e7ab2\" data-element_type=\"widget\" data-widget_type=\"image.default\">\n\t\t\t\t<div class=\"elementor-widget-container\">\n\t\t\t\t\t\t\t\t\t\t\t\t\t\t\t<img fetchpriority=\"high\" decoding=\"async\" width=\"1351\" height=\"258\" src=\"https:\/\/amicreative.net\/wp-content\/uploads\/2025\/09\/banner30.png\" class=\"attachment-2048x2048 size-2048x2048 wp-image-20307\" alt=\"\" srcset=\"https:\/\/amicreative.net\/wp-content\/uploads\/2025\/09\/banner30.png 1351w, https:\/\/amicreative.net\/wp-content\/uploads\/2025\/09\/banner30-300x57.png 300w, https:\/\/amicreative.net\/wp-content\/uploads\/2025\/09\/banner30-1024x196.png 1024w, https:\/\/amicreative.net\/wp-content\/uploads\/2025\/09\/banner30-768x147.png 768w, https:\/\/amicreative.net\/wp-content\/uploads\/2025\/09\/banner30-480x92.png 480w, https:\/\/amicreative.net\/wp-content\/uploads\/2025\/09\/banner30-1200x229.png 1200w\" sizes=\"(max-width: 1351px) 100vw, 1351px\" title=\"banner30\" \/>\t\t\t\t\t\t\t\t\t\t\t\t\t\t\t<\/div>\n\t\t\t\t<\/div>\n\t\t\t\t<\/div>\n\t\t\t\t<section class=\"elementor-section elementor-top-section elementor-element elementor-element-0f6197e elementor-section-boxed elementor-section-height-default elementor-section-height-default\" data-id=\"0f6197e\" data-element_type=\"section\" data-settings=\"{&quot;background_background&quot;:&quot;classic&quot;}\">\n\t\t\t\t\t\t<div class=\"elementor-container elementor-column-gap-default\">\n\t\t\t\t\t<div class=\"elementor-column elementor-col-100 elementor-top-column elementor-element elementor-element-05c2de5\" data-id=\"05c2de5\" data-element_type=\"column\">\n\t\t\t<div class=\"elementor-widget-wrap elementor-element-populated\">\n\t\t\t\t\t\t<section class=\"elementor-section elementor-inner-section elementor-element elementor-element-6830a4c elementor-section-boxed elementor-section-height-default elementor-section-height-default\" data-id=\"6830a4c\" data-element_type=\"section\">\n\t\t\t\t\t\t<div class=\"elementor-container elementor-column-gap-default\">\n\t\t\t\t\t<div class=\"elementor-column elementor-col-33 elementor-inner-column elementor-element elementor-element-0ab51ec\" data-id=\"0ab51ec\" data-element_type=\"column\">\n\t\t\t<div class=\"elementor-widget-wrap\">\n\t\t\t\t\t\t\t<\/div>\n\t\t<\/div>\n\t\t\t\t<div class=\"elementor-column elementor-col-33 elementor-inner-column elementor-element elementor-element-1b6080f\" data-id=\"1b6080f\" data-element_type=\"column\">\n\t\t\t<div class=\"elementor-widget-wrap elementor-element-populated\">\n\t\t\t\t\t\t<div class=\"elementor-element-custom_font_size elementor-element-custom_font_weight elementor-element elementor-element-d8ff2b9 elementor-widget elementor-widget-text-editor\" data-id=\"d8ff2b9\" data-element_type=\"widget\" data-widget_type=\"text-editor.default\">\n\t\t\t\t<div class=\"elementor-widget-container\">\n\t\t\t\t\t\t\t\t\t<h5>Cr\u00e9ation de sites web<\/h5>\t\t\t\t\t\t\t\t<\/div>\n\t\t\t\t<\/div>\n\t\t\t\t<div class=\"elementor-element elementor-element-43a1bf0 elementor-widget elementor-widget-heading\" data-id=\"43a1bf0\" data-element_type=\"widget\" data-widget_type=\"heading.default\">\n\t\t\t\t<div class=\"elementor-widget-container\">\n\t\t\t\t\t<h2 class=\"elementor-heading-title elementor-size-default\">Un Design Pens\u00e9 pour Votre Performance<\/h2>\t\t\t\t<\/div>\n\t\t\t\t<\/div>\n\t\t\t\t\t<\/div>\n\t\t<\/div>\n\t\t\t\t<div class=\"elementor-column elementor-col-33 elementor-inner-column elementor-element elementor-element-25bf6d7\" data-id=\"25bf6d7\" data-element_type=\"column\">\n\t\t\t<div class=\"elementor-widget-wrap\">\n\t\t\t\t\t\t\t<\/div>\n\t\t<\/div>\n\t\t\t\t\t<\/div>\n\t\t<\/section>\n\t\t\t\t<div class=\"elementor-element-custom_font_size elementor-element elementor-element-f7f607c elementor-widget elementor-widget-text-editor\" data-id=\"f7f607c\" data-element_type=\"widget\" data-widget_type=\"text-editor.default\">\n\t\t\t\t<div class=\"elementor-widget-container\">\n\t\t\t\t\t\t\t\t\t<p style=\"text-align: center;\">Nous cr\u00e9ons des sites web qui ne sont pas seulement esth\u00e9tiques, mais qui r\u00e9pondent \u00e0 des objectifs strat\u00e9giques pr\u00e9cis. En alliant design moderne, ergonomie optimale et technologies de pointe, nous d\u00e9veloppons des exp\u00e9riences en ligne uniques, parfaitement adapt\u00e9es \u00e0 vos besoins.<\/p>\t\t\t\t\t\t\t\t<\/div>\n\t\t\t\t<\/div>\n\t\t\t\t<section class=\"elementor-section elementor-inner-section elementor-element elementor-element-9c2593f elementor-section-boxed elementor-section-height-default elementor-section-height-default\" data-id=\"9c2593f\" data-element_type=\"section\">\n\t\t\t\t\t\t<div class=\"elementor-container elementor-column-gap-extended\">\n\t\t\t\t\t<div class=\"elementor-column elementor-col-50 elementor-inner-column elementor-element elementor-element-a54c0e3\" data-id=\"a54c0e3\" data-element_type=\"column\">\n\t\t\t<div class=\"elementor-widget-wrap elementor-element-populated\">\n\t\t\t\t\t\t<div class=\"elementor-element elementor-element-111eca5 elementor-widget elementor-widget-image\" data-id=\"111eca5\" data-element_type=\"widget\" data-widget_type=\"image.default\">\n\t\t\t\t<div class=\"elementor-widget-container\">\n\t\t\t\t\t\t\t\t\t\t\t\t\t\t\t<img decoding=\"async\" width=\"613\" height=\"463\" src=\"https:\/\/amicreative.net\/wp-content\/uploads\/2019\/09\/home_img-01.png\" class=\"attachment-full size-full wp-image-1966\" alt=\"\" srcset=\"https:\/\/amicreative.net\/wp-content\/uploads\/2019\/09\/home_img-01.png 613w, https:\/\/amicreative.net\/wp-content\/uploads\/2019\/09\/home_img-01-300x227.png 300w\" sizes=\"(max-width: 613px) 100vw, 613px\" title=\"home_img-01\" \/>\t\t\t\t\t\t\t\t\t\t\t\t\t\t\t<\/div>\n\t\t\t\t<\/div>\n\t\t\t\t\t<\/div>\n\t\t<\/div>\n\t\t\t\t<div class=\"elementor-column elementor-col-50 elementor-inner-column elementor-element elementor-element-1761314\" data-id=\"1761314\" data-element_type=\"column\">\n\t\t\t<div class=\"elementor-widget-wrap elementor-element-populated\">\n\t\t\t\t\t\t<div class=\"elementor-element elementor-element-90b8712 elementor-position-left elementor-vertical-align-middle elementor-widget elementor-widget-gt3-core-imagebox\" data-id=\"90b8712\" data-element_type=\"widget\" data-widget_type=\"gt3-core-imagebox.default\">\n\t\t\t\t<div class=\"elementor-widget-container\">\n\t\t\t\t\t<div class=\"gt3-core-imagebox-wrapper elementor-image_icon-position-default\"><figure class=\"gt3-core-imagebox-img\"><img decoding=\"async\" width=\"280\" height=\"240\" src=\"https:\/\/amicreative.net\/wp-content\/uploads\/2019\/07\/img_box_01.png\" class=\"attachment-full size-full wp-image-1019\" alt=\"\" title=\"img_box_01\" \/><\/figure><div class=\"gt3-core-imagebox-content\"><div class=\"gt3-core-imagebox-title\"><h5 class=\"gt3-core-imagebox-title\">Design sur mesure :<\/h5><\/div><p class=\"gt3-core-imagebox-description\">Chaque projet d\u00e9bute par une compr\u00e9hension approfondie de votre marque, de votre march\u00e9 et de vos objectifs. Nous concevons des interfaces qui refl\u00e8tent l\u2019identit\u00e9 visuelle de votre entreprise tout en garantissant une navigation intuitive et fluide.<\/p><\/div><\/div>\t\t\t\t<\/div>\n\t\t\t\t<\/div>\n\t\t\t\t<div class=\"elementor-element elementor-element-9f33b9b elementor-position-left elementor-vertical-align-middle elementor-widget elementor-widget-gt3-core-imagebox\" data-id=\"9f33b9b\" data-element_type=\"widget\" data-widget_type=\"gt3-core-imagebox.default\">\n\t\t\t\t<div class=\"elementor-widget-container\">\n\t\t\t\t\t<div class=\"gt3-core-imagebox-wrapper elementor-image_icon-position-default\"><figure class=\"gt3-core-imagebox-img\"><img loading=\"lazy\" decoding=\"async\" width=\"270\" height=\"240\" src=\"https:\/\/amicreative.net\/wp-content\/uploads\/2019\/07\/img_box_02.png\" class=\"attachment-full size-full wp-image-1020\" alt=\"\" title=\"img_box_02\" \/><\/figure><div class=\"gt3-core-imagebox-content\"><div class=\"gt3-core-imagebox-title\"><h5 class=\"gt3-core-imagebox-title\">Optimisation pour tous les appareils : <\/h5><\/div><p class=\"gt3-core-imagebox-description\">Nous cr\u00e9ons des sites web responsive, adapt\u00e9s \u00e0 toutes les tailles d\u2019\u00e9cran (ordinateurs, tablettes, smartphones). Votre site sera performant, quel que soit le support utilis\u00e9 par vos visiteurs.<\/p><\/div><\/div>\t\t\t\t<\/div>\n\t\t\t\t<\/div>\n\t\t\t\t<div class=\"elementor-element elementor-element-9bac7c4 elementor-position-left elementor-vertical-align-middle elementor-widget elementor-widget-gt3-core-imagebox\" data-id=\"9bac7c4\" data-element_type=\"widget\" data-widget_type=\"gt3-core-imagebox.default\">\n\t\t\t\t<div class=\"elementor-widget-container\">\n\t\t\t\t\t<div class=\"gt3-core-imagebox-wrapper elementor-image_icon-position-default\"><figure class=\"gt3-core-imagebox-img\"><img loading=\"lazy\" decoding=\"async\" width=\"366\" height=\"240\" src=\"https:\/\/amicreative.net\/wp-content\/uploads\/2019\/07\/img_box_03.png\" class=\"attachment-full size-full wp-image-1021\" alt=\"\" srcset=\"https:\/\/amicreative.net\/wp-content\/uploads\/2019\/07\/img_box_03.png 366w, https:\/\/amicreative.net\/wp-content\/uploads\/2019\/07\/img_box_03-300x197.png 300w\" sizes=\"(max-width: 366px) 100vw, 366px\" title=\"img_box_03\" \/><\/figure><div class=\"gt3-core-imagebox-content\"><div class=\"gt3-core-imagebox-title\"><h5 class=\"gt3-core-imagebox-title\">SEO int\u00e9gr\u00e9 :<\/h5><\/div><p class=\"gt3-core-imagebox-description\">Un beau site web ne sert \u00e0 rien s\u2019il n\u2019est pas visible. C\u2019est pourquoi nous optimisons vos pages pour le r\u00e9f\u00e9rencement naturel (SEO), afin d\u2019assurer une meilleure visibilit\u00e9 sur les moteurs de recherche et d\u2019attirer un trafic cibl\u00e9.<\/p><\/div><\/div>\t\t\t\t<\/div>\n\t\t\t\t<\/div>\n\t\t\t\t<div class=\"elementor-element elementor-element-f9a734a elementor-position-left elementor-vertical-align-middle elementor-widget elementor-widget-gt3-core-imagebox\" data-id=\"f9a734a\" data-element_type=\"widget\" data-widget_type=\"gt3-core-imagebox.default\">\n\t\t\t\t<div class=\"elementor-widget-container\">\n\t\t\t\t\t<div class=\"gt3-core-imagebox-wrapper elementor-image_icon-position-default\"><figure class=\"gt3-core-imagebox-img\"><img decoding=\"async\" src=\"https:\/\/amicreative.net\/wp-content\/uploads\/elementor\/thumbs\/img_box_24-rf9tja4uv9k9sgylehbk30bhhb20t8i9tv4a0q97q0.png\" title=\"img_box_24\" alt=\"img_box_24\" loading=\"lazy\" \/><\/figure><div class=\"gt3-core-imagebox-content\"><div class=\"gt3-core-imagebox-title\"><h5 class=\"gt3-core-imagebox-title\">Performance et s\u00e9curit\u00e9 :<\/h5><\/div><p class=\"gt3-core-imagebox-description\">Nous privil\u00e9gions des solutions techniques performantes et s\u00e9curis\u00e9es, garantissant un site rapide, fiable et prot\u00e9g\u00e9 contre les menaces potentielles.<\/p><\/div><\/div>\t\t\t\t<\/div>\n\t\t\t\t<\/div>\n\t\t\t\t\t<\/div>\n\t\t<\/div>\n\t\t\t\t\t<\/div>\n\t\t<\/section>\n\t\t\t\t<div class=\"gt3-core-button--alignment_center elementor-element elementor-element-2678f8a elementor-widget__width-initial elementor-widget elementor-widget-gt3-core-button\" data-id=\"2678f8a\" data-element_type=\"widget\" data-widget_type=\"gt3-core-button.default\">\n\t\t\t\t<div class=\"elementor-widget-container\">\n\t\t\t\t\t\t<div class=\"gt3_module_button_elementor size_custom alignment_center button_icon_none hover_none rounded\">\r\n\t\t<a class=\"button_size_elementor_custom alignment_center border_icon_none hover_none btn_icon_position_left\" href=\"#\">\r\n\t\t\t\t<span class=\"gt3_module_button__container\">\r\n\t\t\t\t\t\t\t\t\t\t\t<span class=\"gt3_module_button__cover front\"><span class=\"elementor_gt3_btn_text\">Demandez votre devis gratuit<\/span><\/span>\r\n\t\t\t\t\t\t\t\t\t\t\t\t\t\t\t<\/span>\r\n\t\t<\/a>\r\n\t<\/div>\r\n\r\n<script type=\"application\/json\" id=\"settings--2678f8a\">[]<\/script>\t\t\t\t<\/div>\n\t\t\t\t<\/div>\n\t\t\t\t\t<\/div>\n\t\t<\/div>\n\t\t\t\t\t<\/div>\n\t\t<\/section>\n\t\t\t\t<\/div>\n\t\t","protected":false},"excerpt":{"rendered":"<p>Cr\u00e9ation de sites web Un Design Pens\u00e9 pour Votre Performance Nous cr\u00e9ons des sites web qui ne sont pas seulement esth\u00e9tiques, mais qui r\u00e9pondent \u00e0 des objectifs strat\u00e9giques pr\u00e9cis. En alliant design moderne, ergonomie optimale et technologies de pointe, nous d\u00e9veloppons des exp\u00e9riences en ligne uniques, parfaitement adapt\u00e9es \u00e0 vos besoins. Design sur mesure : [&hellip;]<\/p>\n","protected":false},"author":1,"featured_media":0,"parent":0,"menu_order":0,"comment_status":"closed","ping_status":"closed","template":"","meta":{"footnotes":""},"class_list":["post-20189","page","type-page","status-publish","hentry"],"_links":{"self":[{"href":"https:\/\/amicreative.net\/index.php\/wp-json\/wp\/v2\/pages\/20189","targetHints":{"allow":["GET"]}}],"collection":[{"href":"https:\/\/amicreative.net\/index.php\/wp-json\/wp\/v2\/pages"}],"about":[{"href":"https:\/\/amicreative.net\/index.php\/wp-json\/wp\/v2\/types\/page"}],"author":[{"embeddable":true,"href":"https:\/\/amicreative.net\/index.php\/wp-json\/wp\/v2\/users\/1"}],"replies":[{"embeddable":true,"href":"https:\/\/amicreative.net\/index.php\/wp-json\/wp\/v2\/comments?post=20189"}],"version-history":[{"count":99,"href":"https:\/\/amicreative.net\/index.php\/wp-json\/wp\/v2\/pages\/20189\/revisions"}],"predecessor-version":[{"id":20400,"href":"https:\/\/amicreative.net\/index.php\/wp-json\/wp\/v2\/pages\/20189\/revisions\/20400"}],"wp:attachment":[{"href":"https:\/\/amicreative.net\/index.php\/wp-json\/wp\/v2\/media?parent=20189"}],"curies":[{"name":"wp","href":"https:\/\/api.w.org\/{rel}","templated":true}]}}